e units digit of z?
7
Let j(m) = m**3 + 3*m**2 - 10*m - 12. What is the hundreds digit of j(5)?
1
Let p = 118 + -77. What is the tens digit of p?
4
Let x = 203 - 143. Suppose m = 5*y - 88, 0 = 3*y + 5*m - 2*m - x. What is the units digit of y?
8
Let l(s) = s**3 - 9*s**2 - 8*s + 9. Let w be l(7). What is the units digit of (-4)/6 - w/15?
9
Suppose 0 = -0*r + 4*r - k - 18, 4 = 2*r - 3*k. Suppose 5*n - 4*m + 2*m = 35, -r = 2*n + 3*m. Suppose -5*h = -6*h + n. What is the units digit of h?
5
What is the units digit of ((-2 - -65) + 1)/2?
2
Suppose c = 11 + 15. What is the tens digit of c?
2
Let n(h) = 4*h**3 - h**2 - 5*h + 4. What is the units digit of n(3)?
8
What is the hundreds digit of 108*(0 - -2 - 1)?
1
Suppose -4 = -y - 5*i, 5*i = 5*y + 3*i + 7. Let g be (162/3 - 0)/y. What is the tens digit of g/(-4) + (-3)/6?
1
Let j = -46 + 51. What is the units digit of j?
5
Let l be 5 - 1 - (-2)/2. Suppose 3*p = -5*v + 2*v + 60, -108 = -l*p + 3*v. What is the tens digit of p?
2
Suppose 3*y + 33 + 81 = 0. Let s = y - -63. What is the tens digit of s?
2
Let x = 229 - -58. What is the hundreds digit of x?
2
Let f = 0 + 7. Suppose -f*a = -2*a - 60. What is the tens digit of a?
1
Let g = 21 - 22. What is the tens digit of ((-126)/24)/(g/8)?
4
Let x(m) = 20*m**2 + 2*m + 1. What is the units digit of x(-1)?
9
Let g = -23 + 58. Suppose 0 = -3*k - j + 65, j = k - 2*j - g. What is the tens digit of k?
2
What is the units digit of 2*((-9)/(-6) - (-378)/4)?
2
Let h(w) be the first derivative of 5*w**4/2 + 2*w**3/3 - w**2 + w - 2. What is the tens digit of h(1)?
1
Let l = -2 + 5. Suppose 6 = -k + l*k. What is the units digit of k?
3
Let y(u) = -2*u**2 + 2*u**2 - 5 + u**2 - 7*u. Let n be y(8). Let s = 6 + n. What is the units digit of s?
9
Suppose 3*s + 2 = 161. Suppose -5*u = 3 - s. What is the units digit of u?
0
Let a = 14 - -49. What is the units digit of a?
3
Suppose 4*o = 16, -g - 3*o - 2*o + 23 = 0. Suppose 2*z = 2*y - 0*z - 4, -4*z = -g*y + 4. What is the units digit of y?
4
Let b = -5 - -9. Let y(l) = l**2 + l - 4. Let d be y(b). Suppose 2*g = -0*g + d. What is the units digit of g?
8
Suppose 6*y - 24 = 2*y. What is the units digit of y?
6
Suppose 0 = -4*d + 2*d + 102. What is the tens digit of d?
5
Let b = -4 + 1. What is the units digit of 4/(-1) - (-48 - b)?
1
Suppose 2*v - 5*k = 53, -1 + 21 = 4*k. What is the tens digit of v?
3
Suppose y + 27 = 2*a + 8, -2 = -2*y. What is the tens digit of 96/a - (-2)/5?
1
Let u(y) be the first derivative of -y**3/3 - 2*y**2 - 2. Let t be u(-5). What is the units digit of (3/t)/((-1)/15)?
9
Let t(h) = 4*h**3 + 18*h**2 + 16. Let u(b) = -3*b**3 - 12*b**2 - 11. Let y(f) = 5*t(f) + 7*u(f). What is the units digit of y(3)?
0
Let f = -28 - -78. What is the tens digit of f?
5
Let o = 36 - 25. Let n = o - 15. What is the units digit of (6/5)/(n/(-10))?
3
Suppose -4*v - 12 = 5*m, -v + 0*v + 22 = -5*m. Suppose 0 = 5*c + v*q + 1, 0 = -2*c + 4*c - q - 5. What is the units digit of c?
1
Let k(p) = 5*p - 12. What is the tens digit of k(9)?
3
Suppose 7*n - 155 = 2*n. What is the tens digit of n?
3
Let r(k) = -k**2 + 10. Let o be (3/1)/3 - -5. Let i(h) = -h**3 + 6*h**2. Let z be i(o). What is the tens digit of r(z)?
1
Suppose 0 = -5*d + 2*d + 45. Suppose d = -0*n - 3*n, n - 11 = -4*g. What is the units digit of g?
4
Let o = -136 + 211. What is the tens digit of o?
7
Let m = 228 - 58. What is the tens digit of m?
7
Let j(g) = 6*g - 1. Let b be j(1). Let f = 1 + b. What is the units digit of f?
6
Let l be (3 + -1)/((-2)/(-4)). Let m(y) = l - 5*y + 5*y**2 - 2*y**3 + y**3 + 2*y**2. What is the units digit of m(6)?
0
Let i = 4 + 5. Suppose -2*g = -5 - i. Let b(p) = p - 6. What is the units digit of b(g)?
1
Suppose 0*a = 4*a. Suppose 4*j = -a*j + 8. Suppose 0 = -5*m + j*h + 28, -h = 4*m + m - 31. What is the units digit of m?
6
Let z be 1 - 3/9*3. Suppose v + 5*o - 16 = z, 16 = v + o - 8. What is the tens digit of v?
2
Suppose q = -4*q + 15. Let r be (q/(-9))/(1/(-6)). Let o = 4 + r. What is the units digit of o?
6
Suppose 3*c + 57 = 3*x, -6*c - x = -4*c + 32. Let p = -11 - c. What is the units digit of p?
6
What is the units digit of 3/(-12) - 1295/(-28)?
6
Let z = 10 - 10. Suppose 3*p + z*p - 6 = 0. Suppose c = -4*g + p, 0 = -2*c - 0*g + 3*g + 15. What is the units digit of c?
6
Let b(a) = -a**3 - a**2 - 2*a - 2. Let x be b(-3). Suppose 0 = p + 5*f - 26, x - 6 = -4*p + 4*f. What is the units digit of (5 + p)/(1 + 1)?
3
Let s = 14 - 41. What is the units digit of (-10)/45 - 249/s?
9
What is the units digit of (27/(-12))/((-1)/16)?
6
Suppose 9*r = 6*r + 213. What is the tens digit of r?
7
Suppose -3*o + 7*o - 20 = 0. Let q be (-2)/4*(o - 19). Let v = -5 + q. What is the units digit of v?
2
Let z(o) = -2*o - 3*o - 10 + 4*o. What is the units digit of z(-11)?
1
Let h = -89 - -163. What is the units digit of h?
4
Suppose 598 = 6*r - 26. What is the hundreds digit of r?
1
Let x be 2 - (-6)/(1 + -4). Suppose x = -4*c + 53 + 99. What is the tens digit of c?
3
Let m(q) = -q**2 - q. Let d be ((-4)/8)/((-2)/(-4)). Let y be m(d). Suppose y*h + 5*h = -3*j + 28, 5*j = h. What is the units digit of h?
5
Suppose s = 12*s - 1496. What is the tens digit of s?
3
Let f be ((-8)/10)/((-17)/(-255)). Suppose 3*k - 5*y = -4*y + 47, -3*k + 43 = -2*y. Let o = k + f. What is the units digit of o?
5
Suppose 0*r + 75 = 5*r. Suppose -2*j = 5*x + 2*j - r, 3*j + 9 = 3*x. Suppose -24 = -3*n - x. What is the units digit of n?
7
Let h(y) = -2*y + 13. Let b(c) = 4*c - 27. Let t(q) = -4*b(q) - 9*h(q). What is the tens digit of t(10)?
1
Let p(c) = 8*c**3 + c**2 - c. Let w be p(1). Let h(v) = -w*v + 3*v + 1 + 0. What is the units digit of h(-1)?
6
Let n(h) = -h**3 + 13*h**2 + 2*h - 9. Let d(q) = q**3 - 4*q**2 - 2*q - 2. Let x be d(5). What is the units digit of n(x)?
7
Suppose 4*o - 298 = 86. What is the tens digit of o?
9
Suppose -2*s = o - 120, 4*o - o = -2*s + 360. What is the units digit of o?
0
What is the tens digit of ((-3)/((-60)/8))/((-3)/(-345))?
4
Suppose 0 = x - 3*d - 168, 0*x - 4*x + 665 = -5*d. What is the units digit of x?
5
Let p(i) = 14*i**2 - i + 8. Let f(l) = 5*l**2 + 3. Let n(m) = -11*f(m) + 4*p(m). Let v = 2 + 3. What is the units digit of n(v)?
4
Let z(n) = -274*n - 8. What is the hundreds digit of z(-1)?
2
What is the hundreds digit of 2/(-13) - 17562/(-78)?
2
Let k(b) be the third derivative of -b**6/360 + b**5/20 - b**4/6 - b**3/2 + 3*b**2. Let a(i) be the first derivative of k(i). What is the units digit of a(4)?
4
Let t be (777/12)/7*4. Let b = t + -5. What is the tens digit of b?
3
Let t(f) = -f + 5. Let n be t(-7). Suppose 3*h = 3*b + n, -3*b + 2*b + 4 = 0. What is the units digit of h*(1 + (-3)/6)?
4
Let g(y) = -6*y - 2. Let z be g(-3). Suppose -2*l - z = -2*j, 4*l = -5*j - 0*l + 4. Suppose 0 = j*i + 3*f + 1, -4*f - 2 = 4*i + 2. What is the units digit of i?
2
Let c = 2 - 2. Let a = c - 5. What is the units digit of 3 - 2 - (a + 1)?
5
Let r(z) = z**2 - 10*z - 11. What is the tens digit of r(16)?
8
Suppose 5*b - 130 = 210. What is the tens digit of b?
6
Suppose w - 1 - 13 = 0. Suppose z - 2*m = w, z - 4*z - 4*m = 8. Suppose b + 4*h + 4 = 0, -22 = -z*b - h + 22. What is the units digit of b?
2
Let u = -10 + 18. What is the tens digit of (8 + -4)*u/2?
1
Let g = 10 - 3. What is the units digit of g?
7
Let b be 34/((-4)/40*-4). Suppose 5*s + 0*s = b. What is the tens digit of s?
1
Suppose -4*o + 7 = -1. Suppose -4*y + 7 = 2*b - 3*b, -5*b = 4*y - 37. Let k = o + b. What is the units digit of k?
7
What is the tens digit of 31 + 0*4/8?
3
Let i be ((-6)/(-12))/(1/(-62)). Let m = i + 46. What is the units digit of m?
5
What is the tens digit of (1 + -3)*1*-11?
2
What is the tens digit of (((-116)/(-6))/(-1))/((-32)/240)?
4
Let f be (3 - 0)/(3/2). Suppose 0 = g - 3*l - 12, -l = f*g + l. Suppose -g*x = -8*x + 15. What is the units digit of x?
3
Suppose 3*i + 5 = 2*i. Let x(s) = s - 7. Let g(t) = t - 7. Let h(d) = 2*g(d) - 3*x(d). What is the tens digit of h(i)?
1
Let l(w) = w**3 + 13*w**2 - 8 + 7*w - 3*w**2 + 0. What is the tens digit of l(-9)?
1
Suppose 2*h - 6 = 4. Suppose -1 = d + 5*n, h*d + 2*n + 3*n - 35 = 0. What is the units digit of d?
9
Let j(a) = -2*a - 4. Suppose 0 = -s - 4*o + 3, s + s = o + 42. Suppose 2*r - 6 = -3*w, 2*w + 8 = r + s. What is 